divisor of o and 24.
6
Let n(u) = u**3 - 10*u**2 + 20*u - 27. Let q = -11 - -19. Let m be n(q). What is the greatest common divisor of 35 and m?
5
Let x be (1/2)/((-5)/(-80)). Suppose x*n - 460 - 340 = 0. Calculate the greatest common factor of 40 and n.
20
Suppose 5*c - 225 = 3*l + 2*l, -3*c + 129 = -l. Suppose 0 = -3*z + c + 12. What is the highest common divisor of 54 and z?
18
Suppose 2*x = x + 5*a + 17, -a - 5 = 0. Let d = 2 - 0. Let r = d - x. What is the highest common factor of r and 20?
10
Let p(t) = 64*t**2 + 15*t + 15. Let x be p(-1). What is the greatest common divisor of x and 12?
4
Let m = 35 + 51. Let g(p) = m - 2*p**2 + 4*p**2 - 90. Let x be g(4). What is the highest common factor of 28 and x?
28
Suppose 4*l = -2*b + 12, 3*b = 4*l - 0*b - 22. Let m(x) = 7*x**3 - 5*x**2 + 8*x - 15. Let o be m(l). Calculate the highest common divisor of o and 35.
35
Let c = -72 - -149. Let n = 10 - 3. What is the highest common divisor of c and n?
7
Suppose -3*z + k = -8, 101*k = 106*k - 20. Suppose 0 = -3*i + 6 + 102. Calculate the greatest common factor of z and i.
4
Suppose -4*h = q - 52, 5*h - 108 = -4*q + 45. Calculate the greatest common divisor of q and 288.
32
Let y = -397 - -705. What is the greatest common factor of y and 572?
44
Let z(g) = g + 5. Suppose 0*a - 5*a + 105 = 4*w, -a = w - 25. Let b be z(w). What is the greatest common divisor of 100 and b?
25
Let v be (0/(-1))/(3 - 2). Suppose v = 3*k - 1 + 10. Let p be 2/(-3) + (-17)/k. Calculate the greatest common divisor of p and 40.
5
Suppose -2*a = 14 + 16. Let p(m) = -m**3 - 16*m**2 - 21*m - 20. Let k be p(a). Calculate the greatest common factor of 10 and k.
10
Let r(a) = 15*a**2 - 2*a - 11. Let v be r(7). What is the highest common divisor of v and 71?
71
Suppose -5*h + 51*h - 414 = 0. What is the highest common factor of h and 1737?
9
Suppose 2*l - 3*h = 92, -108 = -4*l + 3*h + 64. Suppose 3*z - 10 = -4*d, z + 0 = -4*d - 10. Calculate the greatest common divisor of z and l.
10
Let h = 70 + -63. Suppose 5*x + 3*q = 191, -3*x - h*q + 4*q + 111 = 0. Calculate the greatest common factor of 10 and x.
10
Let c(s) = 3*s**2 - 20*s + 19. Let d be c(7). Suppose r - 191 = -3*n, 4*r - 1 = -17. What is the greatest common divisor of n and d?
13
Suppose -g = 3*g - 24. Let u(o) = -3*o + 8 - 2 + 23 - 4. Let r be u(7). Calculate the highest common divisor of g and r.
2
Let w(u) = -u**3 - 9*u**2 + 11*u + 22. Let j be w(-10). Let p(h) = h**2 - 5*h - 16. Let g be p(j). Calculate the highest common factor of g and 34.
34
Suppose -5*k = p - 52, -3*k = 5*p - 230 - 30. Suppose 3*t = -2*t + 390. Let n be (t/9)/(4/6). Calculate the highest common divisor of n and p.
13
Suppose 4*x + 40 = 13*g - 11*g, -g - x = -8. Calculate the highest common divisor of g and 54.
6
Suppose -3*x + 4*f = -f + 8, 4*x - 24 = -2*f. Suppose 22 + 42 = 5*a - 2*d, 4*a + x*d = 40. Calculate the greatest common factor of a and 6.
6
Suppose q + 2*f = 21, -12*f + 7*f = -15. What is the highest common factor of 5 and q?
5
Let m = -23 - -13. Let v = 44 - m. What is the highest common divisor of 36 and v?
18
Let n be 3*14 + 2 + (-16)/4. Suppose x + 9*x - n = 0. Calculate the greatest common factor of x and 10.
2
Suppose 5*t + c - 48 = 0, -t - 9 = -3*t + 3*c. Let v(b) = -b**3 + 12*b**2 - 8*b + 3. Let x be v(11). Calculate the greatest common divisor of t and x.
9
Let y(a) = 106*a + 113. Let l be y(-1). Suppose 2*d + 3*o + 285 = 5*d, -5*o + 344 = 4*d. What is the highest common divisor of d and l?
7
Suppose 0 = -8*f + 517 - 37. Calculate the highest common factor of f and 105.
15
Suppose -48 = -7*d + 57. Let z(k) = 26*k - 10. Let i be z(5). Suppose b - i = -0*b. What is the greatest common divisor of b and d?
15
Suppose -y + q = -1735, -y - 20*q + 1747 = -18*q. Calculate the greatest common divisor of 37 and y.
37
Let p = 27 + -26. Suppose -p = -h + 2. Let x = -3 + 4. Calculate the greatest common divisor of h and x.
1
Let m(c) = -4*c**3 - 3*c**2 + 18*c + 61. Let g be m(-3). Calculate the greatest common factor of 104 and g.
8
Suppose -r = r - 5*z - 16, 4*r - z = 32. Let i = -5 + r. Suppose u = -i + 18. What is the greatest common divisor of u and 6?
3
Suppose 18*j - 31 = 59. Suppose -2*u - 3*s = -207, -6*u - 4*s = -j*u - 101. Calculate the greatest common factor of u and 30.
15
Suppose 3*z + 9 = 9. Suppose y - 35 = -z*y - l, -2*y + 4*l = -76. What is the highest common factor of 4 and y?
4
Suppose 517 = 3*s + 47*x - 42*x, 0 = 3*s - 3*x - 477. Let i(w) = 11*w**2 + 2*w + 1. Let z be i(-2). Calculate the highest common divisor of s and z.
41
Let f(p) = 5*p + 5. Let o = 21 + -12. Let j be f(o). Let t = 1451 + -1426. Calculate the greatest common divisor of j and t.
25
Let m be ((-38)/(-8))/(2/(-8)). Let i = m - -14. Let j = i - -30. Calculate the greatest common factor of j and 5.
5
Suppose -2*x + 36 = -4*y, 0 = y - 2*y - x - 9. Let p = y + 27. What is the highest common factor of p and 54?
18
Suppose 0 = 4*q + 3*w - 200, -4*q + 77 = 4*w - 119. Calculate the highest common factor of 1378 and q.
53
Suppose 0 = 24*p - 911 - 1129. Calculate the highest common factor of p and 544.
17
Let x be ((-319)/3)/((-9)/27). What is the highest common factor of 87 and x?
29
Let c be 9/(-6) + (-1)/2. Let x be 50 - (3 + c - -1). Suppose 2*n = -n + 18. Calculate the greatest common factor of n and x.
6
Let q = -232 - -336. Calculate the greatest common divisor of q and 26.
26
Suppose -3*d + 0*d + 4*i + 47 = 0, -5*d + 35 = 2*i. Let j be 204*(0 - (-12)/d). Calculate the highest common factor of j and 34.
34
Let d be ((-3)/2)/((-3)/4). Let x be (3/d)/((-21)/(-644)). Let o = x + -28. What is the greatest common divisor of o and 36?
18
Let d(u) = -23*u - u**3 - 2*u**2 + 25*u - 3*u**3. Let m be d(-2). Let q be 16/1*(-1)/(-2). What is the highest common divisor of q and m?
4
Let a be 48/((3/5)/3). Suppose -4*z + 399 = 5*m, 333 + 156 = 5*z + 3*m. Calculate the greatest common factor of a and z.
48
Let i = 125 + -111. What is the greatest common divisor of 21 and i?
7
Suppose 7*z = 15*z - 32. Calculate the highest common divisor of z and 52.
4
Let i = -8 - -2. Let a(h) = h + 6. Let c(j) = -6. Let r(v) = -5*a(v) - 4*c(v). Let q be r(i). What is the greatest common factor of q and 96?
24
Let l be (-2 - -8)/(21/7). Calculate the highest common divisor of l and 17.
1
Let a(u) = -u**2 - 10*u - 10. Let d be (14/(-8))/(2/8). Let t be a(d). Calculate the greatest common divisor of t and 88.
11
Let p be (-349)/(-8) - (-24)/64. Calculate the greatest common factor of 242 and p.
22
Let c = -165 + 179. What is the highest common divisor of 2 and c?
2
Let m be 9 + (4/(-24) - (-68)/(-24)). Let b = 0 + 2. Suppose 0*g + 6 = -b*g, -i + 9 = -g. What is the highest common divisor of m and i?
6
Suppose 209 = 4*b - m - 37, 0 = -4*b - 4*m + 256. Suppose 42*p + 54*p = 1572 + 1404. Calculate the greatest common factor of p and b.
31
Let w(j) = 3*j - 5*j - 7 - j**2 + 3*j. Let u be w(0). Let c be (u/(-14))/((-1)/(-60)). Calculate the highest common divisor of 45 and c.
15
Suppose -2755 = -5*h + 3*i, 6*i = -3*h + 3*i + 1677. Suppose 3*p - 70 = h. Suppose -a + p = a. What is the highest common factor of a and 13?
13
Let f(w) = -w**2 + 37*w + 58. Let t be f(38). Let a be (2 + -3)/((-5)/75). Calculate the greatest common divisor of t and a.
5
Let h = -115 + 155. What is the greatest common factor of 440 and h?
40
Suppose 10*i = 3*t + 7*i - 72, -15 = -t - 2*i. Let p = 447 + -216. Calculate the highest common factor of p and t.
21
Let j be (-286)/4*(0 + -15 - 1). What is the highest common divisor of 104 and j?
104
Let c(i) = -6*i + 18. Let j be c(4). Let k be (22/33)/(1*(-2)/j). Suppose -3 = -z + 3*f, -4*z - f = f - 26. What is the highest common divisor of k and z?
2
Let z(x) = -35*x - 7. Let b be z(-5). Let q(h) = h**2 - 6. Let m be q(-3). Suppose m*c = c + 42. What is the highest common divisor of b and c?
21
Suppose 0*v = v. Suppose v = -h + 3 + 2. Suppose 0 = -4*g - 4*b, -2*g + h*b = b - 6. What is the greatest common divisor of 7 and g?
1
Let z be (-21)/((-2)/8*-6). Let g be (-438 - 1) + 13 + z. Let f be (-4)/(-5)*g/(-16). What is the highest common factor of 198 and f?
22
Suppose 4*f - 347 - 98 = 5*j, -227 = -2*f + j. Calculate the highest common factor of 5 and f.
5
Let z(t) be the thir